2*j - 0*j - p, 0 = j - 4*z + 17. What is the remainder when 17 is divided by (-58)/(-10) - j/5?
5
What is the remainder when 475 is divided by 77 - (-24)/32*4?
75
Suppose -4*w + 143 = -173. Calculate the remainder when w is divided by 20.
19
Suppose 37 - 1 = -3*s. Let c = -22 - s. Calculate the remainder when c*(130/(-4))/5 is divided by 17.
14
Suppose -2*x + 176 = 2*a, a + 1 = -3*x + 83. What is the remainder when 908 is divided by a?
89
Let c = -14 - -31. Let x = 21 + -43. Let h = x - -32. What is the remainder when c is divided by h?
7
Let h = 39 - -15. Let u = 56 - 50. Suppose -u*k = -3*k - 42. What is the remainder when h is divided by k?
12
Let r = 206 - 199. What is the remainder when 36 is divided by r?
1
Let v = 278 - 261. Calculate the remainder when 18 is divided by v.
1
Let m = 28 + -26. Let a(o) = 2*o**2 + 9*o + 7. Calculate the remainder when a(-6) is divided by 2 + 10 + m/2.
12
Suppose -v - 123 = l - 140, -2*l - 62 = -4*v. What is the remainder when 602 is divided by v?
10
Suppose -5*t = -2*g - 223, -2*t = -4*g - 17 - 69. What is the remainder when 263 is divided by t?
38
Suppose 201 = 3*s - 2*w - 65, 5*w + 450 = 5*s. What is the remainder when s is divided by 47?
39
Let z = 204 - 135. Suppose 5*n - 109 = -a + z, -3*a - 6 = 0. What is the remainder when 69 is divided by n?
33
Let f be (-2)/3*(-3)/(-2). Let y(k) = -24*k**3 + 2*k**2 - 1. Suppose 0 = 12*l - 13*l + 14. Calculate the remainder when y(f) is divided by l.
11
Let u(r) = r**3 - 21*r**2 + 38*r - 3. Let p be u(19). Let h(i) = 15*i**2 - 8*i - 13. Calculate the remainder when h(p) is divided by 37.
35
Suppose 12 = -3*w, 64*q - 59*q - 2031 = 4*w. What is the remainder when q is divided by 17?
12
Let l = -553 + 960. Suppose -3*o + d + 429 = 0, l = 4*o - 2*d - 165. What is the remainder when o is divided by 16?
15
Let v be (2 + 5)/(1 - 45/40). Calculate the remainder when (-257)/(-7) - 16/v is divided by 4.
1
Suppose -x - 69 + 300 = -5*n, x + 2*n - 217 = 0. Let v = -153 + x. Calculate the remainder when v is divided by 14.
12
Let r = 22 + -17. Suppose -k + 3*k + 53 = -5*q, 5*q = -r*k - 65. Let m(c) = -c**3 - 9*c**2 + 7. Calculate the remainder when m(q) is divided by 1.
0
Let c(i) = -3 + 8 + 19*i - 7. Let k be c(2). Let y = -20 + k. What is the remainder when y is divided by 10?
6
Let b = 18 + 14. Calculate the remainder when b is divided by 1/4*(50 + -6).
10
Suppose 0 = 3*w, -5*f + 2*w + 59 = 14. Suppose 5*t + 5*z + 110 = 0, -t = -3*t + z - 50. Let y = 39 + t. What is the remainder when y is divided by f?
6
What is the remainder when 342 is divided by (2*(-23)/2)/((-3)/3)?
20
Let a be (-1)/(3 - 2) - -3. Let r be 6/4 - (-5)/2. Suppose -r*p = -0*l - 4*l - 48, p - a*l - 13 = 0. What is the remainder when 32 is divided by p?
10
Suppose -3*x + 4*s + 8 = 2*x, -10 = 5*x + 5*s. Let k(u) = 4 + x + 0 - 3*u - 5 + 6*u**2 - u**3. What is the remainder when 56 is divided by k(4)?
18
Let z(m) = -m**3 - 13*m**2 - 23*m - 11. Let f be z(-11). Suppose f = 5*w, 0*p + 164 = 2*p - 2*w. Calculate the remainder when p is divided by 12.
10
Let z(q) = -q**3 + 3*q**2 + 12*q - 20. What is the remainder when 20 is divided by z(4)?
8
Let t = -2 + 2. Let m = -649 - -662. Calculate the remainder when m is divided by (3/5 + t)*5.
1
Let g(r) = -3*r**2 + 25*r - 16. Calculate the remainder when (4/10)/((-8)/(-440)) is divided by g(7).
10
Let l = 597 - 591. Calculate the remainder when 10 is divided by l.
4
Let d(j) = j**3 - 4*j**2 + 4*j + 3. Let h = 5137 + -5124. What is the remainder when d(6) is divided by h?
8
Let u = 1406 - 1274. What is the remainder when u is divided by 52?
28
Suppose -4*q - 25 = -9*q. Let i = 27 - 21. What is the remainder when 184/13 + i/(-39) is divided by q?
4
Let q = 29 - -1. Suppose -27*x + 1044 = -15*x. Calculate the remainder when x is divided by q.
27
Suppose 2*u = 3*u - 11. What is the remainder when (-123)/(-6)*(3 - 1) is divided by u?
8
Let p(a) = a**3 - 22*a**2 + 15*a - 232. What is the remainder when p(22) is divided by 37?
24
Let c(g) = -2*g**2 + 58*g + 86. What is the remainder when 48 is divided by c(30)?
22
Let s = -126 - -184. Calculate the remainder when s is divided by 20.
18
Suppose 8 = 2*f - 0. Suppose 3*n + 5*o - 140 = 3*o, 4*o = -f*n + 184. What is the remainder when n is divided by 14?
6
Let g(h) = h**2 - 2*h + 2. Let d be g(2). Suppose -2*i = -3*t + 6, 5*i = d*i. Suppose 0 = -t*o - 6 + 26. What is the remainder when 25 is divided by o?
5
Let v(q) = q**2 - q - 5. Suppose 194 = -2*w + 3*t, 5*w = -0*t - t - 451. Let g = -44 - w. What is the remainder when g is divided by v(6)?
22
Let r(p) = 45*p + 4. Let l be r(2). Calculate the remainder when 66 is divided by 24/18 + l/6.
15
Let u be (-6)/(-4)*(1 - -1). Let p(f) = f**3 - 3*f**2 + 4*f - 2. Let y(i) = 14*i**2 - 279*i - 17. Calculate the remainder when p(u) is divided by y(20).
1
Let z = -40 + 96. What is the remainder when z is divided by 33?
23
Suppose -c + q = -q - 10, 5*q + 11 = -c. What is the remainder when 128 is divided by (-15)/12*c*(-1 - 1)?
8
What is the remainder when 1838 is divided by (6 - 4 - 5) + 8?
3
Let a(h) = 17*h - 12. Let i be a(-6). What is the remainder when (7/21)/((-2)/i) is divided by 7?
5
Suppose -765 = -5*m - 4*m. Calculate the remainder when m is divided by 18.
13
Suppose -5*o = 5*n - 5102 + 1047, 0 = o + 2*n - 814. Calculate the remainder when o is divided by 18.
16
Let v be (-4)/(-18) - (-839)/(-9). Let s = 158 + v. What is the remainder when s is divided by 34?
31
Let p = 436 - 415. What is the remainder when (-10)/(-2)*(-76)/(-10) is divided by p?
17
Let a = 205 + -301. Let w(t) = -43*t - 313. Let x be w(-6). Let i = x - a. Calculate the remainder when i is divided by 11.
8
Let w be -1 + 1 + 12 + -6 + 40. Suppose -w = -b - b. Calculate the remainder when b is divided by 7.
2
Let h = -1 - -4. Suppose -h*b + 2 + 4 = 0. Suppose 4*i + 12 = 4*k, b*i + 0*i = 4. What is the remainder when 11 is divided by k?
1
Suppose 4*a + 220 = 4*s, -s = 4*a - 31 - 9. Let y(k) = k**3 - 6*k**2 + 4*k - 6. What is the remainder when s is divided by y(6)?
16
Suppose 47*r = 52*r - 930. What is the remainder when r is divided by 49?
39
Let h = -234 + 422. Suppose -48*t + h = -46*t. What is the remainder when t is divided by (-1)/(2/4)*-8?
14
Calculate the remainder when -2*(4/(-8) + 2) - -111 is divided by 38.
32
Let z = 25 + -12. Let i = z + -10. What is the remainder when 66 is divided by 2*(9 + 1) + i?
20
Let z = 8 + -6. Suppose 6 = 3*y - 5*f + 2, -12 = -z*y + f. Calculate the remainder when 101 is divided by y.
5
Let w(r) = r**2 - 41*r + 130. Calculate the remainder when w(38) is divided by 5.
1
Suppose -1764 = -8*x + 1364. What is the remainder when x is divided by 49?
48
Let i = -38 + 9. Suppose 5*v - 28 = -f + 15, -4*v + 140 = 3*f. Let w = f + i. Calculate the remainder when 34 is divided by w.
15
Let v(p) = p**3 - 3*p**2 + 4*p - 3. Let r be v(4). Suppose -6*k + 31 + r = 0. Calculate the remainder when 45 is divided by k.
5
Suppose 3*j - 3*u = -u + 15, -18 = -j + 5*u. Let m(y) = 8*y + j + 7 + 2. Calculate the remainder when m(5) is divided by 18.
16
Let c = 20 + -20. Suppose -a - 5*h - 2 = c, -3*a + 5*h = a - 67. Calculate the remainder when a is divided by (-1)/((-3)/15 - 0).
3
Let n(p) = 4*p**2 + 12*p - 5. Let f be n(-5). What is the remainder when 3 + ((-204)/(-10) - 14/f) is divided by 8?
7
Let h(s) = -s**3 + 2*s**2 - 6*s - 3. Let j be h(-3). Suppose 11*r = 9*r - j. Let a = -13 - r. Calculate the remainder when 27 is divided by a.
10
Let i(g) = -g**2 + 13*g + 5. Let h be i(10). Suppose h*l + 28 = 39*l. Calculate the remainder when 10 is divided by l.
3
Let z(k) = -11*k + 59. Let b(h) = -5*h + 29. Let r(y) = 5*b(y) - 2*z(y). What is the remainder when r(-16) is divided by 38?
37
Suppose 729 - 1049 = -10*n. What is the remainder when 220 is divided by n?
28
Suppose 3*u + u - 2*x - 110 = 0, -4*x = u - 41. Suppose v + 4*r = 243, -156*v - 2*r + 769 = -153*v. What is the remainder when v is divided by u?
27
Let w = 850 - 807. What is the remainder when 213 is divided by w?
41
Let i(s) be the third derivative of -17*s**4/24 - s**3/6 - s**2. Suppose 0 = -l - 4*l - 5. Calculate the remainder when 62 is divided by i(l).
14
Let l = 17 - 14. Let y be (-10)/l*15/(-10). Suppose -5*s + 50 = -p + 17, y*s + p - 27